s) = s**2 + 6*s + 6. What is q(-7)?
13
Let w(s) = -15*s. Give w(-1).
15
Let d(j) = -3*j**3 + 5*j**2 + j - 6. Calculate d(3).
-39
Let l(c) = -9*c**2 - 4*c + 3. Determine l(1).
-10
Let y(q) = -7*q**2 - 4*q + 3. Determine y(1).
-8
Let j(c) = c**3 - 53*c**2 - 228*c - 1. What is j(57)?
-1
Let f(z) = 11*z + 4. Calculate f(-3).
-29
Let a(j) = -j**3 - 16*j**2 - 15*j + 3. What is a(-15)?
3
Let k(w) = -2*w**3 + 8*w**2 + 5*w - 21. Calculate k(4).
-1
Let m(q) = q**3 - 15*q**2 + 31*q + 21. Give m(12).
-39
Let h(q) = -3*q**2 + 6*q - 6. Determine h(4).
-30
Let t(n) = 5*n + 20. What is t(-8)?
-20
Let o(k) = -31*k + 684. Calculate o(22).
2
Let m(j) = -2*j**2 + 8*j - 21. What is m(3)?
-15
Let w(g) = 25*g + 133. What is w(-5)?
8
Let k(s) = -2*s**2 - s + 9. What is k(0)?
9
Let l(x) = -3*x + 27. Calculate l(10).
-3
Let b(c) = -c**3 + 10*c**2 + c - 2. Calculate b(10).
8
Let i(p) = 3*p - 37. Determine i(11).
-4
Let y(b) = b**3 + 2*b**2 - 50*b - 18. What is y(-8)?
-2
Let v(t) = t + 11. Give v(-11).
0
Let m(f) = 2*f + 13. Give m(-10).
-7
Let f(b) = -2*b**2 - 6*b + 4. Give f(-6).
-32
Let p(w) = -2*w**2 - 41*w - 46. Give p(-17).
73
Let m(j) = -2*j - 47. Calculate m(-22).
-3
Let y(o) = -o**2 - 9*o + 94. What is y(6)?
4
Let z(j) = j**2 + 5*j + 2. What is z(-6)?
8
Let b(g) = g**3 - 7*g**2 + 9*g - 8. Determine b(5).
-13
Let d(y) = -y**2 - 21*y - 15. Calculate d(-8).
89
Let m(j) = -3*j + 41. What is m(20)?
-19
Let m(x) = -165*x - 1165. Determine m(-7).
-10
Let b(v) = v**3 - 4*v**2 - 7*v + 11. What is b(5)?
1
Let i(g) = 25*g**3 + g - 1. Give i(1).
25
Let l(o) = 2*o**2 - 9*o - 12. Calculate l(7).
23
Let i(j) = -j**3 - 12*j**2 - 22*j - 14. Give i(-10).
6
Let f(s) = 2*s**2 - 19*s + 12. Give f(9).
3
Let u(w) = -8*w + 6. What is u(-5)?
46
Let o(j) = 11*j - 7. What is o(-4)?
-51
Let i(h) = 15*h + 5. Give i(-4).
-55
Let z(x) = -2*x**2 - x. Give z(1).
-3
Let y(i) = i**2 - 10*i - 16. Calculate y(15).
59
Let a(v) = -v**2 + 13*v + 26. Give a(15).
-4
Let c(l) = -l**2 + 2*l + 19. Give c(5).
4
Let f(h) = h**2 - 8*h + 1. Determine f(7).
-6
Let z(f) = 17*f**2 + 2*f + 1. Give z(-1).
16
Let w(u) = u**3 + 24*u**2 - 3*u + 20. Give w(-24).
92
Let k(b) = b**2 - 16*b - 135. Give k(-6).
-3
Let s(h) = h + 26. Calculate s(4).
30
Let z(q) = 32*q + 6. Calculate z(-1).
-26
Let d(n) = -n**2 + 6*n - 3. Calculate d(11).
-58
Let a(t) = -2*t**2 + 9. What is a(4)?
-23
Let g(x) = -x**2 + 2*x. Give g(5).
-15
Let f(v) = -v**3 + 13*v**2 + 14*v - 3. Calculate f(14).
-3
Let r(b) = -b**3 + 7*b**2 - 4*b + 17. Calculate r(7).
-11
Let z(y) = -y**3 - 11*y**2 + 11*y - 19. What is z(-12)?
-7
Let q(g) = -3*g + 7. Calculate q(-5).
22
Let m(r) = -r**3 + 11*r**2 - 22*r + 1. What is m(2)?
-7
Let r(b) = b**3 - b**2 - 7*b. Calculate r(5).
65
Let i(t) = -t**2 + 5*t - 5. What is i(4)?
-1
Let a(z) = -z**2 - 17*z + 54. Calculate a(-21).
-30
Let m(t) = t**2 - 2*t - 4. What is m(-5)?
31
Let x(y) = -10*y - 4. Give x(2).
-24
Let k(f) = 30*f + 58. Calculate k(-2).
-2
Let k(t) = -t**3 + 8*t**2 - 14*t - 1. What is k(6)?
-13
Let d(m) = -m**2 - 9*m + 13. Give d(-9).
13
Let x(z) = 4*z**3 - 7*z**2 - 2*z - 1. Give x(-3).
-166
Let i(c) = c - 8. Calculate i(11).
3
Let x(j) = 2*j**2 - 3*j - 10. Calculate x(-5).
55
Let m(v) = v**3 - 26*v**2 + 3*v - 84. Give m(26).
-6
Let s(x) = -x**3 - 7*x**2 + 4*x + 12. Give s(-7).
-16
Let m(w) = 3*w**3 + 3*w**2 - 2. Determine m(-2).
-14
Let w(v) = -v**3 - 5*v**2 + 2*v + 1. What is w(-6)?
25
Let n(i) = 4*i + 2. Determine n(1).
6
Let o(n) = -n**3 - 3*n**2 + 68*n + 14. What is o(7)?
0
Let b(z) = z**3 + 5*z**2 - 12*z - 9. Determine b(-6).
27
Let r(b) = -b**2 + 18*b - 15. Give r(17).
2
Let m(y) = -y**2 - 9*y - 6. Determine m(-5).
14
Let y(f) = f**3 + 9*f**2 - 17*f - 78. Calculate y(-10).
-8
Let t(g) = -5*g**2 - 49*g + 19. Give t(-10).
9
Let d(k) = -k**3 - 8*k**2 + 9*k + 4. What is d(-9)?
4
Let x(n) = 2*n**3 + 23*n**2 - 9*n + 21. Determine x(-12).
-15
Let q(n) = n**3 + 16*n**2 + 32*n + 34. What is q(-14)?
-22
Let v(r) = r - 14. Calculate v(11).
-3
Let t(i) = 6*i**2 + 2*i - 3. Calculate t(-5).
137
Let i(r) = -11*r + 223. Give i(20).
3
Let f(n) = 4*n + 51. Determine f(-14).
-5
Let y(l) = -4*l**2 + 18*l - 4. Calculate y(4).
4
Let d(f) = f**3 + f**2 - 5*f - 4. Determine d(-5).
-79
Let y(x) = -x**2 - 9*x - 18. Calculate y(-8).
-10
Let b(m) = m**3 - 3*m**2 + 2*m - 2. Give b(3).
4
Let h(o) = -2*o**3 - 2. Calculate h(1).
-4
Let l(c) = 5*c**3 + c**2 - 3*c - 3. Calculate l(-2).
-33
Let m(q) = -3*q - 14. Calculate m(-10).
16
Let s(b) = -6*b + 10. Calculate s(3).
-8
Let z(w) = -w**2 + 27*w + 21. Calculate z(28).
-7
Let k(j) = -3*j + 7. What is k(8)?
-17
Let f(i) = i**3 + 10*i**2 - 9*i - 18. Give f(-11).
-40
Let x(y) = y - 14. Give x(11).
-3
Let b(i) = -i**2 - 46. What is b(0)?
-46
Let r(s) = -29*s + 219. Determine r(7).
16
Let o(y) = -y**2 + 8*y + 2. What is o(7)?
9
Let c(x) = -x**3 - 3*x**2 - 4*x + 1. Determine c(-3).
13
Let c(b) = -14*b**2 - b - 5. What is c(2)?
-63
Let x(p) = -p**3 - 12*p**2 + 18*p + 59. What is x(-13)?
-6
Let n(m) = m**2 + 8*m + 2. Calculate n(-6).
-10
Let u(o) = -o**2 + 37*o - 293. Calculate u(11).
-7
Let n(d) = -14*d + 4. Calculate n(0).
4
Let c(k) = 20*k + 798. Calculate c(-40).
-2
Let p(m) = -6*m**3 + 4*m**2 - 4*m + 2. Calculate p(2).
-38
Let a(o) = 10*o + 14. Give a(-10).
-86
Let w(v) = 7*v - 93. Give w(14).
5
Let m(z) = z**2 + 17*z + 84. Calculate m(-11).
18
Let j(i) = i**3 + 8*i**2 - 15*i - 6. Determine j(-9).
48
Let h(i) = -i**2 - 11*i + 51. Calculate h(4).
-9
Let j(i) = i**2 + 16*i + 24. Give j(-6).
-36
Let j(g) = -g**3 + 5*g**2 + 15*g - 9. Calculate j(7).
-2
Let w(o) = -o**3 - 9*o**2 + 5*o - 2. Give w(-10).
48
Let o(f) = f**3 + 33*f**2 + 89*f - 35. Calculate o(-30).
-5
Let f(b) = b**3 - 3*b**2 - 10*b - 6. Calculate f(7).
120
Let l(m) = 6*m + 1. Calculate l(4).
25
Let d(k) = 20*k - 156. Determine d(8).
4
Let z(f) = -2*f**2 - 9*f - 9. Determine z(-5).
-14
Let a(g) = g - 24. Determine a(18).
-6
Let i(t) = -61*t + 1. Give i(1).
-60
Let t(c) = -3*c + 5. Calculate t(7).
-16
Let g(c) = -c**2 + 2*c - 2. Calculate g(7).
-37
Let g(o) = -o + 2. Calculate g(-10).
12
Let f(d) = 2*d**2 - 9*d - 7. Determine f(8).
49
Let l(o) = 5*o - 76. Calculate l(14).
-6
Let s(y) = -y**3 - 6*y**2 + 8*y + 20. Determine s(-6).
-28
Let y(c) = -5*c + 29. Determine y(5).
4
Let o(g) = -g**2 + 30*g + 98. What is o(33)?
-1
Let p(j) = j**2 + 18*j + 47. What is p(-15)?
2
Let i(b) = 2*b**2 + 5*b - 7. Determine i(3).
26
Let q(b) = -5*b**3 + 3*b**2. Calculate q(2).
-28
Let o(k) = k**2 - 2*k - 4. What is o(-3)?
11
Let n(o) = 4*o**2 + 2*o - 2. Give n(1).
4
Let g(m) = 2*m + 7. Calculate g(0).
7
Let o(m) = -2*m**3 - 8*m**2 + 2*m + 6. Give o(-4).
-2
Let n(o) = -o**3 + 9*o**2 - 11. Give n(9).
-11
Let o(l) = l**3 - 17*l**2 + 13*l + 40. Determine o(16).
-8
Let a(l) = -14*l + 10. Determine a(1).
-4
Let r(v) = 30*v**3 + 2*v**2 - 1. Give r(-1).
-29
Let s(v) = v**2 + 11*v + 30. What is s(-7)?
2
Let p(z) = -5*z**3 + 3*z + 2. Give p(-1).
4
Let b(x) = x**3 - 24*x**2 + 107*x + 31. Determine b(18).
13
Let v(s) = -8*s**2 + 80*s + 1. What is v(10)?
1
Let s(k) = -k**3 - 35*k**2 + 246*k + 5. Give s(-41).
5
Let u(i) = -2*i - 1. Give u(6).
-13
Let i(y) = y**2 + 2*y + 2. Determine i(-1).
1
Let g(y) = -4*y**3 - 4*y**2 - 10*y - 11. Determine g(-2).
25
Let x(q) = -5*q**2 + q - 2. What is x(1)?
-6
Let s(b) = -b**2 + 9*b - 18. Determine s(8).
-10
Let r(g) = -g**3 + 19*g**2 - 18*g - 35. What is r(18)?
-35
Let h(l) = -25*l**2. What is h(1)?
-25
Let g(r) = -r**2 + 35*r - 148. What is g(5)?
2
Let l(f) = -f**2 + 12*f - 2. Calculate l(11).
9
Let t(w) = -8*w + 16. Calculate t(-12).
112
Let j(f) = f**3 + 6*f**2 + 4*f. What is j(-3)?
15
Let l(r) = -r**3 + 14*r**2 - 17*r + 19. What is l(13)?
-33
Let s(i) = -i**3 - 17*i**2 - 18*i - 24. Calculate s(-16).
8
Let z(b) = 9*b + 21. Calculate z(-5).
-24
Let w(u) = -u - 1. Calculate w(-14).
13
Let z(p) = -3*p + 19. Calculate z(7).
-2
Let z(n) = n**2 + 5*n + 8. Give z(-6).
14
Let l(k) = -k + 11. What is l(-7)?
18
Let l(i) = -i**3 - i**2 - i - 3. Calculate l(0).
-3
Let p(l) = -8*l**3 - 5*l**2 + 5*l - 2. What is p(1)?
-10
Let d(f) = 2*f**2 + 2*f - 3. Determine d(-3).
9
Let f(b) = -b**3 + 7*b**2 - b - 15. What is f(6)?
15
Let j(y) = 2*y + 8. Determine j(13).
34
Let t(f) = -f - 13. Give t(-13).
0
Let w(h) = 2*h**3 + h**2 - 3. Determine w(-2